housands digit of 14663?
4
What is the thousands digit of 2004?
2
What is the thousands digit of 46976?
6
What is the units digit of 86?
6
What is the thousands digit of 8195?
8
What is the tens digit of 36566?
6
What is the hundreds digit of 2628?
6
What is the ten thousands digit of 22931?
2
What is the hundreds digit of 15742?
7
What is the ten thousands digit of 26059?
2
What is the tens digit of 24279?
7
What is the thousands digit of 6020?
6
What is the hundreds digit of 2940?
9
What is the units digit of 14607?
7
What is the thousands digit of 3546?
3
What is the units digit of 12481?
1
What is the tens digit of 35292?
9
What is the hundreds digit of 133?
1
What is the tens digit of 8724?
2
What is the thousands digit of 2437?
2
What is the units digit of 3007?
7
What is the units digit of 3537?
7
What is the tens digit of 101249?
4
What is the hundreds digit of 7572?
5
What is the thousands digit of 4486?
4
What is the units digit of 512?
2
What is the tens digit of 1607?
0
What is the tens digit of 1195?
9
What is the units digit of 37?
7
What is the ten thousands digit of 31038?
3
What is the units digit of 9766?
6
What is the units digit of 3348?
8
What is the hundreds digit of 4174?
1
What is the hundreds digit of 9435?
4
What is the tens digit of 90400?
0
What is the tens digit of 40881?
8
What is the units digit of 633?
3
What is the thousands digit of 1015?
1
What is the thousands digit of 18711?
8
What is the hundreds digit of 76500?
5
What is the units digit of 13685?
5
What is the units digit of 666?
6
What is the hundreds digit of 93676?
6
What is the thousands digit of 4072?
4
What is the thousands digit of 18742?
8
What is the tens digit of 138443?
4
What is the tens digit of 1331?
3
What is the tens digit of 7701?
0
What is the hundreds digit of 277?
2
What is the thousands digit of 1099?
1
What is the tens digit of 13078?
7
What is the tens digit of 18131?
3
What is the hundreds digit of 160878?
8
What is the hundreds digit of 13772?
7
What is the hundreds digit of 11454?
4
What is the hundreds digit of 3012?
0
What is the hundreds digit of 2943?
9
What is the thousands digit of 122760?
2
What is the thousands digit of 2112?
2
What is the units digit of 9231?
1
What is the units digit of 7148?
8
What is the hundreds digit of 1124?
1
What is the hundreds digit of 671?
6
What is the units digit of 52430?
0
What is the units digit of 11451?
1
What is the units digit of 1059?
9
What is the tens digit of 504?
0
What is the units digit of 4230?
0
What is the thousands digit of 42694?
2
What is the units digit of 4556?
6
What is the hundreds digit of 475?
4
What is the thousands digit of 14620?
4
What is the thousands digit of 15875?
5
What is the units digit of 35527?
7
What is the units digit of 369?
9
What is the hundreds digit of 930?
9
What is the tens digit of 92568?
6
What is the tens digit of 28599?
9
What is the units digit of 1128?
8
What is the ten thousands digit of 13933?
1
What is the tens digit of 966?
6
What is the units digit of 92943?
3
What is the ten thousands digit of 25930?
2
What is the thousands digit of 5258?
5
What is the hundreds digit of 3278?
2
What is the ten thousands digit of 10076?
1
What is the units digit of 1417?
7
What is the units digit of 44100?
0
What is the thousands digit of 4727?
4
What is the tens digit of 16280?
8
What is the thousands digit of 2231?
2
What is the tens digit of 403?
0
What is the thousands digit of 8926?
8
What is the hundreds digit of 698?
6
What is the hundreds digit of 4046?
0
What is the hundreds digit of 1011?
0
What is the thousands digit of 1439?
1
What is the thousands digit of 3896?
3
What is the tens digit of 10643?
4
What is the units digit of 1487?
7
What is the ten thousands digit of 14041?
1
What is the units digit of 529?
9
What is the hundreds digit of 812?
8
What is the hundreds digit of 1048?
0
What is the hundreds digit of 2157?
1
What is the hundreds digit of 435?
4
What is the ten thousands digit of 29371?
2
What is the units digit of 410?
0
What is the tens digit of 2656?
5
What is the units digit of 20321?
1
What is the tens digit of 995?
9
What is the units digit of 1189?
9
What is the hundreds digit of 58993?
9
What is the thousands digit of 1717?
1
What is the thousands digit of 1683?
1
What is the tens digit of 20970?
7
What is the tens digit of 8492?
9
What is the ten thousands digit of 156695?
5
What is the tens digit of 415?
1
What is the ten thousands digit of 10893?
1
What is the hundreds digit of 2147?
1
What is the tens digit of 16740?
4
What is the hundreds digit of 8715?
7
What is the units digit of 13940?
0
What is the tens digit of 12023?
2
What is the tens digit of 840?
4
What is the units digit of 6134?
4
What is the units digit of 14773?
3
What is the ten thousands digit of 56807?
5
What is the hundreds digit of 934?
9
What is the thousands digit of 27633?
7
What is the units digit of 38848?
8
What is the hundreds digit of 1815?
8
What is the units digit of 2323?
3
What is the thousands digit of 115719?
5
What is the tens digit of 4211?
1
What is the tens digit of 362?
6
What is the thousands digit of 5642?
5
What is the units digit of 778?
8
What is the hundreds digit of 40259?
2
What is the hundreds digit of 27489?
4
What is the units digit of 84?
4
What is the thousands digit of 2800?
2
What is the tens digit of 1073?
7
What is the tens digit of 6330?
3
What is the hundreds digit of 8909?
9
What is the hundreds digit of 285?
2
What is the units digit of 6309?
9
What is the thousands digit of 11515?
1
What is the hundreds digit of 31193?
1
What is the hundreds digit of 2940?
9
What is the thousands digit of 14092?
4
What is the tens digit of 39131?
3
What is the hundreds digit of 475?
4
What is the hundreds digit of 830?
8
What is the hundreds digit of 555?
5
What is the hundreds digit of 2212?
2
What is the hundreds digit of 536?
5
What is the ten thousands digit of 15496?
1
What is the hundreds digit of 6475?
4
What is the units digit of 31080?
0
What is the units digit of 797?
7
What is the tens digit of 276?
7
What is the units digit of 15506?
6
What is the hundreds digit of 36234?
2
What is the units digit of 21707?
7
What is the thousands digit of 18369?
8
What is the tens digit of 19826?
2
What is the thousands digit of 7273?
7
What is the ten thousands digit of 60288?
6
What is the tens digit of 1646?
4
What is the thousands digit of 3204?
3
What is the units digit of 4022?
2
What is the hundreds digit of 2027?
0
What is the units digit of 5557?
7
What is the hundreds digit of 18080?
0
What is the hundreds digit of 1871?
8
What is the thousands digit of 80482?
0
What is the units digit of 6034?
4
What is the thousands digit of 50906?
0
What is the hundreds digit of 1689?
6
What is the hundreds digit of 61551?
5
What is the tens digit of 19384?
8
What is the hundreds digit of 20187?
1
What is the thousands digit of 8860?
8
What is the hundreds digit of 1276?
2
What is the thousands digit of 1820?
1
What is the thousands digit of 5141?
5
What is the thousands digit of 1301?
1
What is the thousands digit of 6340?
6
What is the ten thousands digit of 120485?
2
What is the units digit of 18915?
5
What is the units digit of 72672?
2
What is the tens digit of 47697?
9
What is the units digit of 705?
5
What is the hundreds digit of 2691?
6
What is the thousands digit of 12366?
2
What is the tens digit of 766?
6
What is the hundreds digit of 184?
1
What is the hundreds digit of 1928?
9
What is the hundreds digit of 6205?
2
What is the thousands digit of 27954?
7
What is the units digit of 73?
3
What is the hundreds digit of 990?
9
What is the hundreds digit of 36174?
1
What is the ten thousands digit of 97361?
9
What is the tens digit of 2116?
1
What is the hundreds digit of 10687?
6
What is the units digit of 1808?
8
What is the hundreds digit of 51586?
5
What is the tens digit of 3876?
7
What is the ten thousands digit of 19929?
1
What is the units digit of 453?
3
What is the thousands digit of 11370?
1
What is the ten thousands digit of 29946?
2
What is the tens digit of 989?
8
What is the units digit of 65?
5
What is the tens digit of 1045?
4
What is the ten thousands digit of 46727?
4
What is the thousands digit of 